git of 2212128/432*(-6)/(-4)?
8
Let h(o) = o**3 + 8*o**2 + 5*o - 12. Let z be h(-7). Suppose 0 = 3*p - 5*m + 317, m + 384 = -4*p - z*m. Let c = 175 + p. What is the tens digit of c?
7
Let j = 250 - 229. Let g = j + 102. What is the units digit of g?
3
Let f(g) = g**3 + 5*g**2 + 8*g - 23. Suppose -14*d + 3*l = -12*d + 1, 2*l + 18 = 4*d. What is the units digit of f(d)?
1
Let s(y) = 8 - 9*y**2 + 12*y**3 - 15*y + 0*y**2 - 11*y**3 + 11. Suppose -17 = 5*m - 72. What is the tens digit of s(m)?
9
Let l = -43066 - -60360. What is the ten thousands digit of l?
1
Suppose -5*c = -2*g - 93105, -20*c + 5*g = -18*c - 37263. What is the tens digit of c?
1
Let r be (531/(-6) + 9)/((-1)/2). Suppose -n - 4*m + 244 = 86, n = -5*m + r. What is the tens digit of n?
5
Suppose 1 - 3 = -d. Suppose -2*q + 172 = -d*w - 340, 0 = 3*q + 4*w - 789. Let j = q - 147. What is the tens digit of j?
1
Let i(r) = -158*r + 7*r + 14*r - 95*r - 177. What is the hundreds digit of i(-6)?
2
Suppose -2*o = 2*o + 344. Suppose -2*y + 151*i + 6 = 156*i, -2*y + i = -6. What is the tens digit of y*(o/(-3) - 4)?
7
Suppose -2*z = -5*y + 2 - 9, 0 = -z + 5*y - 4. Suppose 59*d = z*d + 36144. What is the units digit of d?
3
Let h(d) = 20*d - 8 + 18*d + 14*d - 63*d. What is the hundreds digit of h(-22)?
2
Let t = -121 - -142. Suppose 0 = -3*s - 3, -1 = -3*d + 4*s + 3. Suppose t*j - 22*j + 201 = d. What is the units digit of j?
1
Let t be -3*(-7 - (-32)/6). Suppose t*z - 5*x = 2*z + 2116, -z - 2*x = -720. What is the tens digit of z?
1
Let n(j) = -115*j + 4419. What is the units digit of n(-16)?
9
Let k be 1*(2 - 1)*(12 - 15). Let r be -15*38/k + -4. Suppose 2*p = -5*m + 108, 4*p - r = 2*m + 6. What is the tens digit of p?
4
Let m be 8/(-14) + 308822/434. Let u = -293 - 196. Let r = m + u. What is the hundreds digit of r?
2
Suppose -7*j + 39*j = 2*j + 1662750. What is the units digit of j?
5
Let m be -3 + (6*-5)/6. What is the tens digit of (m/6)/((-28)/26922) + 4?
8
Suppose 3826*v = 3889*v - 1438857. What is the tens digit of v?
3
Let k be (-4 - 96/(-20))*(-105)/2. Let n = 48 + k. Suppose -n*j + 3*j + 18 = 0. What is the units digit of j?
6
Let l(o) = -3*o**2 + 27*o + 21. Let q be l(10). What is the tens digit of (108/(-8))/q + (-1706)/(-4)?
2
Let n = 17 + -1. Suppose -n*m = -18*m - 3*d + 89, 3*m + 3*d = 129. What is the units digit of m?
0
What is the tens digit of 2/8 + (781/(-6))/((-62)/6603)?
6
Let l(h) = -h**3 - 26*h**2 + 454*h + 140. What is the hundreds digit of l(-42)?
2
Suppose 14*d = -33*d + 33*d + 96656. What is the units digit of d?
4
Suppose 5*q - 58629 = 6*u - 882, 3*q - 2*u - 34661 = 0. What is the tens digit of q?
5
What is the tens digit of (222840/18 - 1)/(1 - 6/9)?
3
Suppose 51*f + 396 = -420. Let g(r) = -r**3 - 12*r**2 + 15*r - 64. What is the units digit of g(f)?
0
What is the thousands digit of ((-196)/(-4))/(1/599)?
9
Let j(a) = 4*a**2 - 94*a - 4774. What is the ten thousands digit of j(-77)?
2
Let m(d) = 1180*d - 130. What is the hundreds digit of m(4)?
5
Suppose 5*x + 745 = 3*f, -4*x = -5*f + 224 + 385. Let l = 166 + x. What is the units digit of l?
0
Suppose -64 = -8*d - 24. Let v be (0 - 130)/(-2) + -2 + d. Let g = v - 51. What is the tens digit of g?
1
Let l(z) = 7*z - 108. Let c be l(15). What is the hundreds digit of 2 - 1/(c + 4744/1582)?
7
What is the units digit of (5/(-4))/((-31)/(-3390904)*-11)?
0
Let o = 1742 + 3366. What is the tens digit of o?
0
Let o(v) = v**2 + 4*v + 5. Let y be o(-7). Suppose -i + 5*c - y = -4*i, 2*c = -4. What is the units digit of (-2043)/i*36/(-27)?
7
Let f be (-4 - 355/(-10))*-2. Let z = -63 - f. Suppose -4*r = -6 - 2, z = -3*n + r + 166. What is the units digit of n?
6
Suppose -5*a - 3*x + 222 = -636, 5*a - 3*x = 882. Let j = a - -28. Let w = j + -130. What is the tens digit of w?
7
Suppose 0 = -s + 5*t - 20, s - t + 5*t = 25. Suppose v + 10*w = 5*w + 333, 2*v - 696 = s*w. What is the tens digit of v?
4
What is the hundreds digit of (-73472)/(-17) + 1110/(-102) + 11?
3
Let g = -103244 - -159566. What is the units digit of g?
2
Let k be ((-3258)/15)/(2/(-10)). Let h(f) = f**3 + 13*f**2 - 65*f - 2. Let g be h(4). What is the tens digit of k/30 + (-2)/g + 0?
3
Let u = 383 - 379. Let h(v) = 66*v - 84. What is the hundreds digit of h(u)?
1
Let i be (4/6)/((-22)/(-99)). Suppose 3*n - 7 - 25 = 5*s, 0 = -i*s - n - 8. What is the tens digit of 72 + 1/(-2)*s?
7
Let r(o) = 20*o**2 - 30 + 2 - 2377*o**3 + 2378*o**3 + 17*o. Let m be r(-19). Let g(w) = 5*w + 9. What is the units digit of g(m)?
9
Suppose 11*l - 10*l - 6 = 0. Suppose -3*k - l + 30 = 0. Suppose 0 = k*r - 4*r - 260. What is the tens digit of r?
6
Suppose -5*s = -9*s - 12. What is the tens digit of s/(-4)*(875 - (-1 + 0))?
5
Let i be ((-2)/(4/(-62)))/((-47)/1081). Let d = i - -1397. What is the units digit of d?
4
Suppose 126*r - 110*r = 427216. What is the hundreds digit of r?
7
Suppose -m + 5*d + 7188 = 1353, 11*d = -3*m + 17635. What is the thousands digit of m?
5
Suppose 0*t + 4 = -2*t. Let i = t - -7. Suppose w = i*u - 39 - 132, 5 = -5*w. What is the units digit of u?
4
Suppose -2093 = -3*c + 835. Let g be 52/182 - c/(-14). Let q = g + -47. What is the units digit of q?
3
Let o = -4769 - -5061. What is the tens digit of o?
9
Let g = -9214 + 17976. What is the thousands digit of g?
8
Suppose 707 + 1062 = 2*z - 3*a, -4*z = -5*a - 3535. Suppose 2*x = -4*s + z, 7*s = 4*s - 12. What is the tens digit of x?
4
Suppose -13 = 4*m + x + 5, 0 = m - 5*x + 15. Let a be (3/(-2))/(m/(-10) - 1). Suppose 3*q - a = -2*b + 11, -8 = 4*q. What is the units digit of b?
0
Let g = 339 - 336. Let s(k) = 62*k + 1 - 12*k + 12. What is the hundreds digit of s(g)?
1
Let m = 110246 + -51874. What is the hundreds digit of m?
3
Let t(z) be the third derivative of -z**6/120 - 11*z**5/60 - 35*z**4/24 + 7*z**3/3 + 5*z**2 - 4. What is the units digit of t(-12)?
8
Suppose 12*u - 19*u + 8*u = 57432. What is the tens digit of u?
3
Suppose 2*k = -3*r - 2, -2*r + k + 1 = -3*r. Suppose r = 7*u - u - 276. What is the units digit of u?
6
Suppose 32418 = 16*p + 8818. What is the units digit of p?
5
Let h(g) = g**3 + 3*g**2 + 2*g. Let a be h(-3). Let u be (a/(-5))/(15/50). What is the units digit of (220/(-4) + u)*-1?
1
Let c be -1*2 - -80 - (14 - 15). Let k = c + -69. Suppose 0*d - 2400 = -k*d. What is the hundreds digit of d?
2
Let n be ((-124)/(-10))/(40/2000). What is the hundreds digit of (n/2 + -1)*5/5?
3
Let k(x) = -x**3 + 9*x**2 + 12*x - 15. Let w be k(10). Suppose w = -3*o - 145. Let q = 72 + o. What is the tens digit of q?
2
Let c be 23/(1242/1056) - (-4)/9. What is the units digit of 30/c*(-16)/(-6) - -2063?
7
Suppose 0 = -18*p + 78689 + 51271. What is the hundreds digit of p?
2
Let o = 21756 + -14363. What is the units digit of o?
3
Let n = -35 - -31. Let x(q) = 3*q**2 + 6*q - 17. Let z(o) = -4*o**2 - 5*o + 18. Let r(h) = n*z(h) - 5*x(h). What is the units digit of r(14)?
9
Let s be (2 + -8)/6 + 480. Suppose -s = -y + 116. What is the tens digit of y?
9
What is the hundreds digit of (-27)/9 + (-8 - -37307)?
2
Suppose -2*t - 2*g = -86, -4*t + 5*g + 185 = t. Suppose 281 + 485 = -49*f + 80. Let j = t + f. What is the units digit of j?
6
Suppose -19 = -6*m - 61. What is the tens digit of 3*31*m/(-21)?
3
Suppose 42*c - 44*c = -34. Suppose -c*j + 538 = -2420. What is the tens digit of j?
7
Suppose s - 11 = -4. Let y(r) = 4*r + 19. Let n be y(s). Suppose -i + n = 3. What is the tens digit of i?
4
Let j(x) = -9*x - 20. Let v = -55 - -27. Let n be -4*(v/16)/(-1). What is the tens digit of j(n)?
4
Suppose 2*g + 2*k = 10252, 2*k - 5430 = 4*g - 25922. What is the tens digit of g?
2
Suppose b = -2*n + 3 + 10, 5*b = n - 1. Suppose -n*u + 11*u = 10. Suppose -u*h = 2*d - 132, -3*d + 51 = 4*h - 148. What is the tens digit of d?
6
Suppose -60 = -0*b - 15*b. Suppose -2019 - 265 = -b*u - 4*m, 3*u - 4*m = 1727. What is the hundreds digit of u?
5
Suppose 0 = g, -2*w = -4*w - 5*g + 6. Suppose -796 = -w*a + 479. What is the tens digit of a?
2
Let w be (-2 + -3346)*4/(-6). Suppose -w = -19*d + d. Let i = d - 68. What is the tens digit of i?
5
What is the tens digit of 36/4 - (-580986)/21?
7
Suppose -117 = -9*t - 18. Let l(x) = x**3 + 5 - x**2 + t*x**2 + 10*x**2 - 1. What is the units digit of l(-20)?
4
Let w(t) = t + 2. Let o(s) = -s**2 